hat is t(16)?
3832
Let o(x) = -x**3 - 125*x**2 - 123*x + 29621. Give o(-122).
-25
Let c(p) = 214614*p + 4721486. Determine c(-22).
-22
Let n(u) = 90*u**2 - 3359*u + 16817. Calculate n(5).
2272
Let g(v) = 865160*v - 3460612. What is g(4)?
28
Let x(v) = 2*v**2 - 2959*v + 11799. Calculate x(4).
-5
Let s(y) = -213*y - 19732. Determine s(-93).
77
Let u(m) = 2*m**3 + 1242*m**2 + 18081*m + 22. Give u(-15).
1507
Let t(s) = -3697*s + 88511. Determine t(24).
-217
Let x(o) = 2*o**2 + 365*o + 8790. Calculate x(-50).
-4460
Let g(u) = 255*u - 11045. Give g(35).
-2120
Let h(l) = -l**2 + 203*l - 10158. Give h(113).
12
Let l(v) = -v**3 - 46*v**2 - 5*v + 416. Determine l(-45).
-1384
Let m(b) = 109*b**2 - 370*b + 276. What is m(1)?
15
Let g(p) = 12925*p - 296879. Calculate g(23).
396
Let s(d) = -711*d**2 + 20656*d - 1062. What is s(29)?
11
Let h(i) = -9*i**2 - 34*i + 210. Calculate h(9).
-825
Let i(x) = -1705*x + 135504. Determine i(79).
809
Let j(s) = -s**3 - 31*s**2 + 697*s + 497. What is j(-46)?
175
Let v(x) = 291*x - 1053. What is v(4)?
111
Let t(o) = o**3 - 72*o**2 - 24*o - 1717. Determine t(73).
1860
Let q(s) = -15826*s - 332351. Give q(-21).
-5
Let u(c) = -2*c**2 + 130*c - 2318. Determine u(50).
-818
Let u(m) = -6*m**3 - 31*m**2 - 233*m + 555. Determine u(2).
-83
Let t(u) = -1005*u + 529. Give t(1).
-476
Let s(t) = 3*t**3 - 208*t**2 + 1242*t - 18. Give s(6).
594
Let u(a) = 3*a**3 + 75*a**2 + 132*a - 15. Give u(-2).
-3
Let g(r) = 1183*r**2 - 5816*r - 511. Determine g(5).
-16
Let s(p) = p**2 - 7565*p - 304178. What is s(-40)?
22
Let m(i) = 2*i**2 + 120*i + 3936. Calculate m(-47).
2714
Let r(f) = 65*f**2 - 234*f + 17. Give r(1).
-152
Let q(t) = -72*t**2 - 6776*t + 199. Determine q(-94).
951
Let x(t) = t**2 - 2696*t + 1185126. Determine x(553).
47
Let m(x) = -x**3 + 18*x**2 + 3209*x - 63772. Determine m(20).
-392
Let n(v) = -v**2 + 38*v + 5329. What is n(-66)?
-1535
Let c(p) = 4*p**2 - 678*p - 3464. Give c(-5).
26
Let o(h) = h**3 + 5*h**2 + 655*h + 2594. What is o(-4)?
-10
Let p(n) = 2*n**3 - 200*n**2 + 795*n - 2567. What is p(96)?
25
Let d(x) = 1153*x - 130445. Determine d(113).
-156
Let q(j) = -11*j**3 - 156*j**2 - 43*j + 1. Determine q(-14).
211
Let i(x) = 5485*x + 16400. Calculate i(-3).
-55
Let l(h) = -4*h**3 - 46*h**2 - 16*h + 40. Calculate l(-13).
1262
Let v(l) = -2672*l - 7003. Determine v(-3).
1013
Let r(f) = 2*f**2 - 29147*f + 29146. Calculate r(1).
1
Let y(u) = -u**3 - 248*u**2 - 8855*u + 5274. What is y(-44)?
-50
Let y(a) = -241*a**2 + 36*a - 36. Determine y(1).
-241
Let k(n) = 25010*n + 199960. Give k(-8).
-120
Let b(x) = x**2 + 167*x + 2427. Determine b(-15).
147
Let i(r) = 7*r**3 - 88*r**2 - 30*r + 3. Calculate i(13).
120
Let m(o) = -358*o + 7938. Calculate m(29).
-2444
Let j(o) = o**3 + 8*o**2 + 11*o - 4. What is j(-4)?
16
Let d(z) = -z**2 + 513214*z - 7184817. Determine d(14).
-17
Let u(x) = -41306*x - 164480. Determine u(-4).
744
Let c(k) = k**3 + 1358*k**2 - 12428*k - 170880. Calculate c(-1367).
-5
Let f(o) = 52757*o + 315951. Determine f(-6).
-591
Let y(g) = -g**2 - 117*g - 2094. Calculate y(-92).
206
Let g(v) = v**3 - 68*v**2 + 1039*v + 409. What is g(24)?
1
Let b(l) = 115038*l - 1265419. Determine b(11).
-1
Let l(m) = 212*m + 21604. Determine l(-102).
-20
Let r(f) = -2*f**2 + 240145*f + 3122231. What is r(-13)?
8
Let x(y) = -204*y**3 + 18*y**2 - 2*y - 1. Give x(-1).
223
Let h(y) = 99*y**2 + 12376*y - 79. Determine h(-125).
-204
Let m(b) = -2800*b + 11184. What is m(4)?
-16
Let y(z) = -6*z**2 + 176*z + 2628. Calculate y(-12).
-348
Let n(a) = -4*a**3 - 663*a**2 + 164*a - 413. Calculate n(-166).
-81
Let b(g) = -2*g**2 - 650*g - 50120. What is b(-126)?
28
Let z(l) = -16985*l - 34230. Give z(-2).
-260
Let z(t) = -2*t**2 - 2159*t - 8606. What is z(-4)?
-2
Let z(i) = 275*i + 89643. Calculate z(-326).
-7
Let h(w) = w**3 - 23*w**2 + 989*w - 16136. Calculate h(18).
46
Let o(g) = 1298*g + 2593. What is o(-2)?
-3
Let h(g) = -91616*g + 1099396. Determine h(12).
4
Let d(j) = 2*j**3 - 55*j**2 - 21*j - 221. Calculate d(28).
-25
Let c(u) = 453*u + 672. Determine c(-2).
-234
Let w(u) = 4*u**2 + 449*u - 517722. Calculate w(308).
26
Let m(k) = 253*k + 11105. Give m(-46).
-533
Let j(f) = -f**3 - 2*f**2 + 7290*f + 8921. Calculate j(85).
-4
Let f(p) = -195926*p + 5485910. What is f(28)?
-18
Let v(c) = -60*c**3 - 657*c**2 + 38*c + 65. Calculate v(-11).
10
Let c(s) = 8715*s - 4592813. What is c(527)?
-8
Let l(h) = -h**2 - 10008*h - 139909. Determine l(-14).
7
Let n(a) = -a**3 + 51*a**2 - 496*a + 21. Determine n(38).
-55
Let x(y) = 4*y**2 + 434*y - 8867. Calculate x(23).
3231
Let o(r) = -164*r**3 + 3*r**2 + 39*r - 41. What is o(1)?
-163
Let i(h) = -1228*h - 223496. Give i(-182).
0
Let b(c) = 229*c - 20951. Give b(99).
1720
Let y(o) = -344*o + 26063. What is y(61)?
5079
Let k(p) = -471102*p - 9422037. Determine k(-20).
3
Let j(y) = -y**3 - 118*y**2 + 280*y - 91742. Calculate j(-126).
-14
Let g(f) = -3395*f - 13696. Give g(-4).
-116
Let w(b) = 125*b - 2253. What is w(24)?
747
Let y(u) = 110359*u + 21078578. Determine y(-191).
9
Let z(d) = 5*d**2 - 1264*d + 30384. What is z(23)?
3957
Let s(b) = 747*b + 37909. Calculate s(-49).
1306
Let o(r) = -35*r**3 + 453*r**2 - 13*r - 222. Calculate o(13).
-729
Let u(o) = 1118*o - 34524. What is u(31)?
134
Let u(n) = -3*n**3 - 154*n**2 - 939*n - 102. Calculate u(-7).
-46
Let s(f) = -4*f**2 - 1052*f + 8562. Calculate s(8).
-110
Let y(r) = r**3 - 145*r**2 - 41618*r + 412. What is y(289)?
-166
Let t(x) = -12*x**3 - 1417*x**2 + 4359*x - 3. Give t(3).
-3
Let t(r) = 3078*r - 15227. Calculate t(5).
163
Let d(c) = -6164*c + 147880. Determine d(24).
-56
Let n(z) = -2757*z + 15820. What is n(7)?
-3479
Let w(n) = 5609*n + 2821353. Calculate w(-503).
26
Let r(t) = 4110*t**2 + 46*t - 42. Calculate r(1).
4114
Let b(h) = -1159904*h - 4639624. Give b(-4).
-8
Let k(t) = -6*t**2 - 317*t + 3322. Determine k(-62).
-88
Let j(f) = 810*f + 501385. What is j(-619)?
-5
Let i(v) = -7*v**2 + 263*v - 1291. Determine i(6).
35
Let s(z) = 3911*z - 46908. Calculate s(12).
24
Let u(c) = -80*c**2 + 9604*c - 481. Give u(120).
-1
Let h(n) = 11*n**2 - 1399*n + 8378. Calculate h(6).
380
Let u(x) = 11*x**3 - 62*x**2 + 67*x + 44. What is u(3)?
-16
Let r(l) = -53022*l + 211725. What is r(4)?
-363
Let n(z) = 6*z**3 + 763*z**2 + 3803*z + 2572. What is n(-122)?
10
Let y(x) = -480*x - 2419. Calculate y(-5).
-19
Let i(s) = -2*s**3 + 3*s**2 + 7*s - 24. Determine i(8).
-800
Let z(b) = -22*b**3 - 10*b**2 + 293*b + 1885. Give z(-6).
4519
Let v(d) = -39*d**3 + 721*d**2 + 381*d - 73. Calculate v(19).
-54
Let q(o) = o**3 - 22*o**2 - 410*o + 6363. Calculate q(12).
3
Let p(f) = -22*f**2 - 875*f + 171. Give p(-42).
-1887
Let a(s) = -7*s**2 - 6363*s - 148683. Give a(-885).
-3
Let h(n) = -n**3 + 60*n**2 - 15079*n + 961901. Give h(63).
17
Let k(a) = 4*a**3 + 760*a**2 - 54*a - 10746. What is k(-190)?
-486
Let c(b) = -b**3 + 525*b**2 + 1019*b + 18448. Give c(527).
3
Let h(f) = -5*f**3 - 42*f**2 - 167*f - 159. What is h(-3)?
99
Let g(x) = -319*x - 16714. What is g(-48)?
-1402
Let y(j) = 1862*j**2 + 1325*j + 1330. Calculate y(-1).
1867
Let x(z) = -64*z**2 - 402*z + 12. Calculate x(-6).
120
Let i(z) = -185*z - 7846. Calculate i(-42).
-76
Let n(f) = -33374*f - 300338. Give n(-9).
28
Let d(n) = n**2 + 180*n - 12116. Give d(-233).
233
Let g(f) = -428*f**2 - 811*f + 810. Give g(1).
-429
Let s(l) = -12*l**3 - 6*l**2 + 63*l - 168. Give s(7).
-4137
Let c(l) = -5561*l**2 - 94540*l - 59. Determine c(-17).
-8
Let z(w) = 5590*w - 2006810. Determine z(359).
0
Let u(w) = -w**2 - 26*w + 3108. Give u(-70).
28
Let p(z) = 2*z**3 + 18*z**2 + 88*z - 43. Determine p(-7).
-463
Let h(y) = 24*y + 1218. What is h(-41)?
234
Let w(y) = 7*y**2 + 665*y + 1339. Calculate w(-2).
37
Let a(c) = -c**3 - 51*c**2 - 377*c + 19. Calculate a(-42).
-23
Let s(l) = 884*l + 8683. Determine s(-11).
-1041
Let c(h) = -h**3 - 14*h**2 + 8580*h + 43123. Give c(-5).
-2
Let g(v) = 5556*v + 1155638. Give g(-208).
-10
Let q(w) = 38852*w - 310846. Determine q(8).
-30
Let f(h) = -11*h**3 - 6*h**2 + 170*h - 487. What is f(3)?
-328
Let n(w) = 195127*w + 975610. Give n(-5).
-25
Let t(c) = -3*c**3 - 51*c**2 - 299*c - 327. Determine t(-4).
245
Let t(g) = g**3 + 56*g**2 - 6661*g - 357191. What is t(-52)?
-3
Let p(s) = 2368*s + 13082. What is p(-6